ase 5, what is -223001413 - 1101?
-223003014
In base 6, what is 4 - -200302545?
200302553
In base 5, what is 24424421 + -14?
24424402
In base 7, what is -5 + -422601350?
-422601355
In base 6, what is 132141 - -1345?
133530
In base 16, what is 6311 + 49?
635a
In base 3, what is 20012021020 + -12021210?
12222222110
In base 11, what is 7 - -31315434?
31315440
In base 13, what is 5ab + 660c?
6bba
In base 6, what is -40142514 - 1?
-40142515
In base 9, what is 1 - 26404163?
-26404162
In base 9, what is 7284 + 18444?
26738
In base 6, what is -3 - -23110035?
23110032
In base 10, what is -145 + -36769?
-36914
In base 6, what is -213242 - 20345?
-234031
In base 10, what is 7452447 + -5?
7452442
In base 4, what is 1211200 + 130031?
2001231
In base 13, what is -372b055 + 6?
-372b04c
In base 5, what is -4 - 143310210044?
-143310210103
In base 3, what is 20 + 2002021120022?
2002021120112
In base 12, what is 3b6 - -5063?
5459
In base 12, what is 4 + 2476a03?
2476a07
In base 10, what is 1723 - 107196?
-105473
In base 11, what is -2095 - 41331?
-43416
In base 15, what is -72b - 1ce?
-90a
In base 9, what is -266 + -23704?
-24071
In base 4, what is -100112 - 212220?
-312332
In base 2, what is 11110100 + -10111001011110?
-10110101101010
In base 3, what is -11211221000 - -2?
-11211220221
In base 10, what is -3 - -95680104?
95680101
In base 10, what is 8 - -98910256?
98910264
In base 8, what is 50414 + -2313?
46101
In base 4, what is 133020221 - 1001300?
132012321
In base 7, what is -5 - -2452166645?
2452166640
In base 5, what is 3233424223 + -11?
3233424212
In base 8, what is 144424 + 713?
145337
In base 4, what is -11 + 22330000300?
22330000223
In base 6, what is -4301 + 3340?
-521
In base 16, what is 372a - -ebba?
122e4
In base 10, what is 4042796 + -27?
4042769
In base 7, what is 550604356 - 4?
550604352
In base 14, what is -2 - dd80b?
-dd80d
In base 6, what is 110531052 + -15?
110531033
In base 10, what is 204290599 - -1?
204290600
In base 3, what is -1101212 - -2021001221?
2012200002
In base 2, what is -110 + 1000110011010100011110?
1000110011010100011000
In base 10, what is -37623000 + 5?
-37622995
In base 10, what is 7 - -4076308?
4076315
In base 7, what is 323 + 3023010?
3023333
In base 2, what is -111110000100111 + 1010000100?
-111100110100011
In base 3, what is -2102010122 + 212?
-2102002210
In base 10, what is 6877216 - -81?
6877297
In base 6, what is 24 + 20325023?
20325051
In base 15, what is -2c399ed + -1?
-2c399ee
In base 7, what is -1240506323 - -15?
-1240506305
In base 13, what is 61ca - -16?
6213
In base 9, what is -2060787 + 1?
-2060786
In base 5, what is -1412 + -1232123231?
-1232130143
In base 14, what is -13135a57 + -1?
-13135a58
In base 13, what is 152 + 396aa?
3982c
In base 13, what is 1 - 643941?
-643940
In base 9, what is -1 - -1454278?
1454277
In base 12, what is -25a71860 - 3?
-25a71863
In base 2, what is 10110111100000111101 - 100101?
10110111100000011000
In base 11, what is -319149 + 23?
-319126
In base 9, what is -1 - -51436116?
51436115
In base 13, what is -7c69 + 3a0?
-7899
In base 8, what is 11536475 - -136?
11536633
In base 8, what is 557456045 + 5?
557456052
In base 10, what is 483 + -485?
-2
In base 14, what is -1 + 2ca629?
2ca628
In base 6, what is 150 - -3251551?
3252141
In base 3, what is -101 + -2010211221022?
-2010211221200
In base 12, what is 20a881 + 56?
20a917
In base 10, what is 16737959 + -3?
16737956
In base 6, what is -253025 + -502?
-253531
In base 5, what is 12230 + 22330200?
22342430
In base 5, what is 2310031402323 - -1?
2310031402324
In base 2, what is 1111010011100100101 + -1001?
1111010011100011100
In base 3, what is -1 + 12021000220200?
12021000220122
In base 16, what is -36 - 1a39bb9?
-1a39bef
In base 13, what is c16 + -84b?
398
In base 15, what is 500 + b957c?
b9a7c
In base 3, what is -1 - 110221000011?
-110221000012
In base 15, what is -8d58dc - -5?
-8d58d7
In base 3, what is -200110100221200 + 2100?
-200110100212100
In base 7, what is 3 + -450331363?
-450331360
In base 11, what is 148453902 + -5?
1484538a8
In base 15, what is 493c6 - -7e?
49455
In base 9, what is 210267108 + 0?
210267108
In base 4, what is 11 + -100101023200322?
-100101023200311
In base 13, what is 17 - -393c20?
393c37
In base 12, what is -7b7a65 + 51?
-7b7a14
In base 16, what is -2 + 11dd750f?
11dd750d
In base 2, what is -110000100111 + -111110011001110?
-1000100011110101
In base 11, what is 399 - -a2580?
a2969
In base 7, what is -261 + 14206253?
14205662
In base 5, what is 424144011 - 102?
424143404
In base 8, what is -11252 + -1642?
-13114
In base 8, what is 17 - 62372174?
-62372155
In base 5, what is 4 + 1320044103020?
1320044103024
In base 6, what is 51500523100 - 4?
51500523052
In base 15, what is -20d + -1a2b4?
-1a4c2
In base 10, what is -20343 + 1032?
-19311
In base 6, what is 25400 - 114350?
-44550
In base 4, what is -230 + 3011200301?
3011200011
In base 14, what is -c - c59454?
-c59462
In base 11, what is 871958 + 174?
872021
In base 10, what is -28062 + 8363?
-19699
In base 14, what is -62 - -1384b?
137c9
In base 14, what is 337c + 741?
3abd
In base 16, what is 474 - -6c9?
b3d
In base 5, what is 2 - -100111000003?
100111000010
In base 10, what is 2 + -9547423?
-9547421
In base 6, what is -1132 + -15134321?
-15135453
In base 11, what is -a7 + -46087?
-46183
In base 13, what is 292a20 + 10?
292a30
In base 9, what is 1 - -88347555?
88347556
In base 7, what is 13033 + -16500?
-3434
In base 3, what is 1002 - 210212201212?
-210212200210
In base 2, what is -1111111 - -101100100000101001011?
101100100000011001100
In base 15, what is -d + 45a23c?
45a22e
In base 8, what is -255 + 13672?
13415
In base 4, what is 0 - -232101322022?
232101322022
In base 5, what is 20020202304 + 3?
20020202312
In base 6, what is -2023014 + 250?
-2022324
In base 4, what is -100002110113 - -22?
-100002110031
In base 4, what is 102123132202 + -2302?
102123123300
In base 13, what is -48972506 - -2?
-48972504
In base 3, what is 120100220 - 20120110?
22210110
In base 8, what is -11335612 + -103?
-11335715
In base 4, what is 132211 - -130323002?
131121213
In base 8, what is 3543351 + -31?
3543320
In base 8, what is -1 - 15164614?
-15164615
In base 15, what is -641851e + -1?
-6418520
In base 12, what is 4 + -1030465?
-1030461
In base 15, what is -5607 - -d?
-55e9
In base 9, what is 314 - 742073?
-741658
In base 5, what is 2033200 + 102204?
2140404
In base 13, what is 31 + -2bc7ac6?
-2bc7a95
In base 14, what is -dc844 + cad?
-db975
In base 12, what is 1 + 594b4054?
594b4055
In base 15, what is -656ec - 3ca?
-65ac7
In base 8, what is -11561 - -103?
-11456
In base 10, what is 15 + 967433?
967448
In base 16, what is 1ed + 29a93?
29c80
In base 4, what is -3223202101101 + -11?
-3223202101112
In base 2, what is -1111001110101101001011001 - 10?
-1111001110101101001011011
In base 12, what is 0 - 1305990?
-1305990
In base 3, what is 10121201 + -210002?
2211122
In base 4, what is 202222203103 + -1000?
202222202103
In base 16, what is -2514 - -e5f?
-16b5
In base 12, what is 2 + 2b6b61?
2b6b63
In base 10, what is 32768639 - 5?
32768634
In base 13, what is -5c3c89 + 8?
-5c3c81
In base 6, what is 23440 + 422210?
450050
In base 2, what is 1001000011 + -110001100101101011?
-110001011100101000
In base 10, what is 3954220 + 27?
3954247
In base 12, what is -1695a196 + -4?
-1695a19a
In base 10, what is 952860 + 1051?
953911
In base 7, what is -155 + -125454306?
-125454464
In base 15, what is -107b0d + -b9?
-107bc7
In base 13, what is -9c74b4 + -24?
-9c7508
In base 7, what is -1 + -422041?
-422042
In base 9, what is -78711 - 18670?
-108481
In base 9, what is -62 + 2230840?
2230767
In base 14, what is 12c8 + -238a0?
-225b6
In base 5, what is 2 - -12312420320?
12312420322
In base 8, what is -3 - -301675007?
301675004
In base 9, what is 4203484 + -4?
4203480
In base 12, what is 2189 - 3947?
-177a
In base 10, what is 788579 - -56?
788635
In base 2, what is 11011100001111 + -11110101010?
10111101100101
In base 7, what is -41301340 - 11?
-41301351
In base 6, what is 3110 + -10314153?
-10311043
In base 5, what is 1222132400 - 4?
1222132341
In base 4, what is 21 + -10331133?
-10331112
In base 10, what is 1897443 + 63?
1897506
In base 4, what is -3 + -20010313013?
-20010313022
In base 10, w